 - -2910. Calculate the highest common factor of q and 106.
53
Let n = -8166 - -8194. What is the greatest common factor of 46 and n?
2
Let b(u) = -u**3 + 43*u**2 - 41*u + 72. Let o be 0 + (1 - -41) - (4 - 4). Let d be b(o). Calculate the highest common divisor of 6 and d.
6
Let n = -169 - -129. Suppose j = 5*h + 552, -4*h + 2*j - 224 = -2*h. Let o = n - h. Calculate the highest common divisor of o and 14.
14
Let t be -3 + (-8 - -2 - (-18 + -1453)). Calculate the highest common factor of t and 258.
86
Let f be (224995/34*-2)/(-1). What is the highest common factor of f and 5?
5
Suppose 2*t + 62 = i - t, -2*t - 132 = -2*i. Let v = -37 + i. Let r be 8*6/120*(620 + 0). Calculate the greatest common factor of r and v.
31
Suppose -143 = -7*k + 8*k. Let r = k - -245. Suppose -141 = -4*t + 5*s, 0*t - 3*t = -5*s - r. Calculate the highest common factor of t and 52.
13
Let a = 3 - 1. Let z(t) be the second derivative of 5*t**3/6 + 35*t**2/2 - 2*t - 37. Let g be z(-5). What is the greatest common divisor of g and a?
2
Suppose 13*w + 39 = 26*w. Suppose w*t - 1317 + 342 = 0. What is the highest common divisor of t and 5?
5
Let u = -627 - -360. Let x = 316 + u. Calculate the highest common divisor of 98 and x.
49
Let d(o) = -5 + 4 + 3*o - 1. Let c be d(3). Let g be (340/(-30) + 11)/((-2)/12). Calculate the highest common divisor of g and c.
1
Suppose -6*b + 4854 = 4308. What is the greatest common factor of b and 301?
7
Let c be -3 + (1 - (1 + -3 + 3)). Let f be (-9)/c + -7 + 74. Calculate the greatest common factor of f and 42.
14
Suppose -110*h + 19429 + 1477 + 6484 = 0. Calculate the highest common factor of 21 and h.
3
Let z(j) = -2*j**2 + 6*j + 22. Let c be z(-2). Suppose 787 = c*g + 139. Calculate the greatest common factor of 72 and g.
36
Let p be 2*(-2 - (-17)/2). Let h = 97 - 95. Suppose -223 = -2*o + 5*r, -526 = -5*o - 0*o + h*r. Calculate the highest common factor of p and o.
13
Let s(g) = -g**3 + 12*g**2 + 20. Let v be s(12). Suppose 41*i = 40*i + v. Calculate the highest common divisor of i and 260.
20
Let k be ((-31885)/(-10))/(15*15/450). What is the greatest common divisor of 7 and k?
7
Let g(r) be the first derivative of -r**2/2 + 227*r - 122. Let j be g(35). Calculate the highest common divisor of j and 320.
64
Let k(q) = -3*q + 2. Let t be k(-7). Suppose -19*c = -31 - 45. Let l(m) = 19*m - 7. Let d be l(c). What is the greatest common factor of t and d?
23
Let f be ((-8)/6)/(9 + 385/(-42)). Let w be 298/f - (-3)/(-12). Calculate the highest common factor of 333 and w.
37
Suppose 14*t = 2*t + 2940. Let w be t/(-21)*72/(-30). Calculate the greatest common factor of 28 and w.
28
Let q be (1/5)/((-42)/70)*-234. What is the greatest common factor of q and 13494?
78
Let m = 26 + -16. Let x be 654/8 + 3 + (-28)/(-560)*5. What is the greatest common divisor of x and m?
5
Let b = 4 - 2. Let k = 2736 - 2650. Calculate the greatest common factor of b and k.
2
Let s = -13315 + 13325. Let t(g) = -69*g**3 + g**2 + g + 1. Let j be t(-1). What is the highest common divisor of j and s?
10
Let v be (589/2)/((-41)/(-1558)). Calculate the highest common factor of 19 and v.
19
Suppose -117*x - 9*x + 20*x + 282914 = 0. Calculate the highest common divisor of 17 and x.
17
Suppose -5*s - 4*a + 28274 = 0, -11294 = -2*s - 213*a + 214*a. What is the greatest common factor of s and 100?
50
Suppose 2*w + 1210 = -2*i + 4*i, -2410 = -4*i - w. Let x be 4 + (-26)/6 - (-404)/6. What is the highest common factor of i and x?
67
Let h = 28 - 28. Let m(u) = u**3 - u**2 + 61. Let c be m(h). Let v = -47 + c. Calculate the highest common divisor of v and 7.
7
Suppose 155 = n + 146. Suppose 22 = 2*w + 2*c, 3*c = 4*w - n*w + 53. Calculate the highest common divisor of 260 and w.
10
Let m be 4/14 - (-1674)/21. Let u(q) = 2*q - 5. Let b be u(7). Suppose -20 = -11*d + b*d. Calculate the greatest common divisor of m and d.
10
Let s be (33/(-12))/((-4)/288). Calculate the greatest common factor of 957 and s.
33
Let l = 561582 - 561478. Suppose 4*p + p - 40 = 0. Let n = 5 + p. What is the greatest common factor of n and l?
13
Suppose 36*x - 105049 = 2*x - 27937. What is the highest common factor of 588 and x?
84
Let m = -52 + 114. Let o = -26 + m. Suppose -5*b + 103 = -17. Calculate the greatest common divisor of b and o.
12
Let o be 56/8 + 5*5. Suppose 0 = -2*q + 5*q. Suppose q*f + 128 = 2*f. What is the greatest common factor of f and o?
32
Suppose -1 = 3*n + b - 68, n - 5*b - 1 = 0. Suppose 851*k - 975*k + 24451 = 4487. Calculate the greatest common factor of k and n.
7
Suppose -2*g + 11*d - 10*d + 451 = 0, 877 = 4*g + 3*d. Let j = g + 63. What is the highest common divisor of j and 22?
22
Let y = -10266 + 10304. What is the highest common divisor of y and 7277?
19
Suppose -3*l = -3, -5*l = 2*a + 689 - 1084. Calculate the greatest common divisor of a and 4355.
65
Let s(c) = -29*c**2 - 2*c. Let j be s(1). Let r = j - -43. What is the greatest common divisor of r and 8?
4
Suppose -94 = 56*b - 337 - 317. Let g be (-1)/(2*(-3)/12). Suppose -g*k + 5 = -k. Calculate the highest common divisor of b and k.
5
Let r be (48 - 50) + (888 - -3 - 0). Calculate the highest common factor of 254 and r.
127
Let l = 17 + 26. Let h = l - 16. Suppose -5*n - 3*p + h = 0, -2*n + 2*p + 3*p = -17. Calculate the highest common factor of 6 and n.
6
Suppose 8*v = 5*v + 231*v - 411540. What is the greatest common factor of v and 665?
95
Suppose 233 = 31*i + 14 - 587. Let c(v) = -12*v + 5. Let m be c(-5). What is the greatest common factor of i and m?
13
Let f(h) = -6*h**3 + 9*h**2 + 6*h + 208. Let m be f(-8). Calculate the highest common divisor of 7 and m.
7
Let d be -1*-1*(-2)/(-1). Let u(v) = 14*v + 16*v + 2*v**3 - v**d - 32*v. Let k be u(4). What is the highest common divisor of 8 and k?
8
Let w be ((-232)/174)/((-4)/3021). Calculate the greatest common factor of w and 106.
53
Let x = 38455 - 37996. Let b be 74/(-2)*(0 - -1). Let a = 88 + b. What is the greatest common divisor of x and a?
51
Let v = 6585 - 6561. Calculate the highest common factor of 1092 and v.
12
Let m(b) = -6*b + 3852. Let d be m(96). What is the greatest common divisor of 72 and d?
36
Suppose z = 3*a - 21 - 21, z + 4*a = -21. Let q = 45 + z. Suppose 8*y - 275 = 397. Calculate the greatest common factor of y and q.
12
Suppose 39*p = 92*p - 4611. Calculate the greatest common divisor of p and 551.
29
Suppose -246 - 107 = -28*s - 73. What is the greatest common divisor of s and 107?
1
Let h(x) = 306*x - 4920. Let g be h(19). What is the highest common divisor of g and 745?
149
Suppose 0*y - 2*y = -2*d - 782, 2*y = 5*d + 767. Suppose -g = -9*q + 8*q - 99, -4*g = -5*q - y. Calculate the greatest common divisor of g and 9.
9
Let o(a) = -4*a + 5328 - 5332 + 5*a**2 + 4*a**2. Let t = -7 - -10. Let h be o(t). Calculate the highest common factor of h and 13.
13
Suppose -3*o + 5 = 11, 0 = j - 2*o - 26. Suppose -12*m + j*m = 380. Calculate the highest common factor of m and 646.
38
Let o = 15082 - 13836. Calculate the greatest common divisor of o and 126.
14
Let u = 159 + -87. Let l be u*(3/7)/((-12)/(-21)). Let r be -1 + 134 - (6 + l/(-6)). What is the greatest common factor of 17 and r?
17
Let u = -805 - -1053. What is the highest common divisor of u and 8?
8
Let q = -5 - -8. Let u be 9 + 6 + 10 + -13 + 0. Calculate the greatest common divisor of u and q.
3
Suppose -5356*m = -5371*m + 75. Calculate the greatest common divisor of m and 545.
5
Let b be 4/(-5) - (-7634)/55. Let c = 150 - b. What is the highest common factor of c and 492?
12
Let n = 194693 + -194513. Let i = -284 - 43. Let m be 2/(-6) - i/9. What is the highest common factor of n and m?
36
Suppose 292 = -2*z + 4*z. Let v(k) = -9*k + 135. Let o be v(15). Suppose -2*h - 3*h + z = b, 5*h - b - 154 = o. What is the greatest common factor of 6 and h?
6
Let y(d) = -123*d + 3803. Let a be y(29). What is the highest common divisor of 1947 and a?
59
Let z be -20*(-10)/(-8)*(-20 - -4). What is the highest common divisor of 640 and z?
80
Suppose -b = 2*k - 58, -5*b - 4*k + 227 = -63. Let j = b + -30. Let i(p) = -2219*p + 8890. Let u be i(4). What is the greatest common factor of u and j?
14
Let c(s) = -12*s + 4. Let z be c(-2). Suppose 55*y + 63 = 448. Calculate the highest common divisor o